 is the greatest common divisor of 12805864 and 16?
8
What is the greatest common factor of 113 and 42289007?
113
Calculate the highest common factor of 1862 and 10211355.
49
Calculate the greatest common divisor of 46376 and 223312.
136
Calculate the highest common factor of 35172924 and 12.
12
What is the highest common factor of 228 and 197513778?
114
What is the highest common divisor of 29888 and 28785880?
3736
Calculate the greatest common factor of 3552 and 38912604.
444
What is the greatest common factor of 196350 and 48807?
561
Calculate the highest common divisor of 89816069 and 21.
7
What is the highest common factor of 17034 and 3736959?
501
Calculate the greatest common divisor of 161 and 31970351.
7
Calculate the highest common factor of 2919 and 4887379.
973
Calculate the greatest common factor of 2162 and 27413654.
46
What is the greatest common divisor of 552910939 and 5649?
1883
What is the highest common divisor of 1650 and 64450?
50
What is the greatest common divisor of 4730 and 13405370?
110
What is the greatest common factor of 1980 and 4634520?
660
What is the highest common factor of 26400 and 676896?
1056
What is the greatest common divisor of 33 and 4910653?
11
What is the highest common divisor of 38138936 and 3784?
3784
What is the greatest common factor of 396280 and 7020?
20
What is the highest common factor of 229068 and 20604?
1212
Calculate the highest common divisor of 1427012 and 15364.
92
Calculate the greatest common factor of 264 and 195386136.
264
What is the greatest common factor of 7199586 and 793?
61
Calculate the highest common factor of 4 and 25708480.
4
Calculate the highest common factor of 1408 and 12694.
22
What is the highest common factor of 29070 and 71529642?
5814
What is the greatest common factor of 3078115 and 335?
5
Calculate the greatest common factor of 120309720 and 72.
24
What is the greatest common divisor of 8310 and 8191998?
1662
Calculate the greatest common factor of 8899976 and 451112.
4216
What is the greatest common divisor of 2024412 and 3952?
988
Calculate the greatest common factor of 3647 and 159426.
521
What is the highest common factor of 705 and 31361972?
47
Calculate the highest common factor of 30082 and 91767.
169
What is the highest common divisor of 1477860 and 330?
30
Calculate the highest common divisor of 178230 and 84240.
390
What is the greatest common factor of 107048 and 296?
8
Calculate the greatest common factor of 21846 and 88396.
22
Calculate the highest common factor of 207684 and 1308636.
324
What is the greatest common factor of 319 and 115456?
11
What is the greatest common divisor of 68 and 1925516?
4
What is the highest common divisor of 720 and 1243770?
30
What is the greatest common factor of 403224 and 423576?
1272
What is the greatest common divisor of 481509 and 3087?
63
What is the highest common factor of 27426271 and 249?
83
What is the highest common divisor of 42483 and 16002?
21
Calculate the highest common divisor of 28967506 and 262.
262
Calculate the highest common divisor of 9381 and 1325553.
177
What is the highest common factor of 14655081 and 861?
861
What is the greatest common divisor of 492337635 and 1230?
615
What is the highest common factor of 345488 and 783692?
52
What is the highest common factor of 20 and 831937580?
20
What is the highest common factor of 1554 and 40410993?
777
Calculate the highest common divisor of 33702221 and 7.
7
Calculate the greatest common factor of 5336 and 19437047.
667
Calculate the highest common factor of 3096 and 35562204.
1548
What is the greatest common divisor of 17301469 and 2085?
139
What is the greatest common factor of 57900 and 7550?
50
What is the greatest common factor of 7771329 and 102?
51
What is the greatest common divisor of 44 and 17759907?
11
Calculate the greatest common divisor of 643586 and 9053.
823
What is the highest common factor of 299 and 757252?
23
Calculate the greatest common factor of 6022347 and 793.
61
Calculate the highest common divisor of 1090 and 346560595.
545
Calculate the highest common factor of 2517966525 and 906.
453
Calculate the highest common factor of 36495 and 3.
3
Calculate the highest common factor of 61 and 769802371.
61
What is the greatest common factor of 1231798 and 1047330?
862
Calculate the highest common divisor of 94 and 25359226.
94
Calculate the highest common divisor of 887040 and 26320.
560
What is the highest common factor of 8975 and 7487663?
359
What is the highest common divisor of 76 and 2971868?
4
Calculate the highest common divisor of 4970104 and 1314376.
3832
What is the highest common factor of 9 and 206857107?
9
Calculate the highest common factor of 234 and 3838554.
18
Calculate the highest common factor of 73683 and 11246209.
2729
Calculate the highest common divisor of 7488 and 961857.
117
Calculate the highest common divisor of 214035246 and 3582.
3582
Calculate the highest common divisor of 132 and 14512224.
12
What is the highest common factor of 6898 and 55173653?
3449
Calculate the greatest common divisor of 7909 and 30674697.
719
Calculate the highest common factor of 2240 and 171668.
28
Calculate the highest common factor of 464 and 14009668.
116
Calculate the highest common divisor of 15393923 and 23.
23
What is the greatest common divisor of 3626 and 8578675?
49
Calculate the greatest common divisor of 172 and 6108768.
4
Calculate the highest common factor of 17 and 2242504816.
17
Calculate the highest common factor of 11627 and 89383.
7
Calculate the greatest common factor of 2818700 and 3834.
142
What is the highest common divisor of 172599211 and 2071?
2071
What is the highest common factor of 4834935 and 135?
45
What is the highest common divisor of 5778625 and 5125?
125
Calculate the greatest common factor of 663387 and 44464.
397
What is the highest common divisor of 221 and 18089513?
221
Calculate the greatest common divisor of 3410 and 128325.
5
Calculate the highest common divisor of 1644 and 53609196.
1644
What is the greatest common factor of 3182400 and 7254?
234
What is the highest common factor of 3553750 and 6250?
1250
Calculate the highest common divisor of 100184 and 1792.
56
What is the greatest common factor of 54190449 and 6665?
1333
Calculate the highest common factor of 10 and 56238900.
10
What is the highest common divisor of 5565465 and 10?
5
Calculate the highest common factor of 4291 and 1213127.
613
What is the highest common divisor of 7035 and 342440?
35
Calculate the highest common divisor of 596281 and 6811.
49
What is the greatest common divisor of 372 and 14971977?
93
Calculate the greatest common divisor of 666 and 1408536.
18
Calculate the highest common factor of 4216 and 21858348.
124
What is the greatest common divisor of 17453 and 586737?
31
Calculate the highest common divisor of 75903972 and 300.
12
What is the greatest common divisor of 1066790538 and 18?
18
Calculate the highest common factor of 4103050 and 97090.
1330
What is the highest common divisor of 95 and 718865?
95
Calculate the greatest common divisor of 3856 and 144175840.
3856
What is the highest common factor of 385536112 and 452?
452
What is the highest common divisor of 501956 and 225407?
91
What is the highest common factor of 750304 and 8704?
32
What is the greatest common factor of 9140 and 500?
20
What is the highest common divisor of 1941 and 8132143?
647
Calculate the highest common divisor of 271552 and 63424.
64
Calculate the highest common factor of 198 and 24217050.
66
What is the highest common factor of 31594966 and 65?
13
What is the highest common factor of 59925 and 4539?
51
What is the highest common factor of 120 and 382880220?
60
Calculate the greatest common divisor of 842592 and 2272.
32
What is the highest common factor of 1516 and 46620?
4
Calculate the highest common factor of 1084 and 63075521.
271
Calculate the greatest common divisor of 15 and 1070705.
5
What is the highest common factor of 616 and 46605944?
616
What is the greatest common divisor of 24030466 and 2?
2
Calculate the highest common factor of 773090 and 280544.
1594
Calculate the greatest common factor of 620 and 15128372.
124
Calculate the greatest common factor of 591 and 119582349.
591
Calculate the hi